s of 129492?
2, 3, 11, 109
List the prime factors of 10917363.
3, 31, 89, 1319
What are the prime factors of 97635?
3, 5, 23, 283
What are the prime factors of 785380?
2, 5, 107, 367
What are the prime factors of 4311938?
2, 137, 15737
What are the prime factors of 599408?
2, 37463
List the prime factors of 27301968.
2, 3, 63199
What are the prime factors of 935247?
3, 311749
What are the prime factors of 2318353?
2318353
List the prime factors of 45440.
2, 5, 71
What are the prime factors of 267467?
23, 29, 401
What are the prime factors of 20836880?
2, 5, 260461
List the prime factors of 52078.
2, 13, 2003
List the prime factors of 313842.
2, 3, 19, 2753
What are the prime factors of 27656?
2, 3457
List the prime factors of 270109.
7, 47, 821
What are the prime factors of 22902710?
2, 5, 23, 99577
List the prime factors of 432854.
2, 17, 29, 439
List the prime factors of 94591.
7, 13513
List the prime factors of 5722893.
3, 11, 2141
List the prime factors of 15427073.
15427073
List the prime factors of 3410356.
2, 852589
What are the prime factors of 1972249?
1972249
List the prime factors of 211152.
2, 3, 53, 83
What are the prime factors of 11863773?
3, 17, 25847
List the prime factors of 1138718.
2, 7, 163, 499
What are the prime factors of 879120?
2, 3, 5, 11, 37
List the prime factors of 249055.
5, 49811
What are the prime factors of 288783?
3, 11, 2917
List the prime factors of 7043166.
2, 3, 13, 79, 127
List the prime factors of 6639616.
2, 1621
List the prime factors of 7591981.
7591981
What are the prime factors of 25479559?
7, 337, 1543
List the prime factors of 6058721.
113, 53617
What are the prime factors of 14401735?
5, 2880347
List the prime factors of 276373.
276373
What are the prime factors of 20376909?
3, 7, 323443
List the prime factors of 2071579.
2071579
List the prime factors of 1601648.
2, 100103
List the prime factors of 1696470.
2, 3, 5, 193, 293
What are the prime factors of 259592?
2, 37, 877
List the prime factors of 1585974.
2, 3, 13, 20333
List the prime factors of 7597626.
2, 3, 1266271
List the prime factors of 31975584.
2, 3, 83, 4013
List the prime factors of 4955783.
7, 707969
What are the prime factors of 1573446?
2, 3, 7, 37463
What are the prime factors of 77400?
2, 3, 5, 43
What are the prime factors of 11333914?
2, 37, 103, 1487
What are the prime factors of 7650?
2, 3, 5, 17
List the prime factors of 228625.
5, 31, 59
What are the prime factors of 3614758?
2, 7, 258197
List the prime factors of 20884322.
2, 23, 191, 2377
List the prime factors of 1880698.
2, 940349
List the prime factors of 41359260.
2, 3, 5, 689321
List the prime factors of 31706898.
2, 3, 823, 6421
List the prime factors of 36115.
5, 31, 233
List the prime factors of 186224.
2, 103, 113
What are the prime factors of 2736345?
3, 5, 182423
List the prime factors of 243848.
2, 11, 17, 163
What are the prime factors of 32678725?
5, 347, 3767
What are the prime factors of 1432330?
2, 5, 43, 3331
What are the prime factors of 384205?
5, 43, 1787
List the prime factors of 551956.
2, 17, 8117
List the prime factors of 109384.
2, 11, 113
What are the prime factors of 8325980?
2, 5, 13, 31, 1033
What are the prime factors of 197879?
11, 17989
What are the prime factors of 2496386?
2, 1248193
What are the prime factors of 635047?
7, 257, 353
List the prime factors of 17182.
2, 11, 71
List the prime factors of 16618044.
2, 3, 17, 29, 53
What are the prime factors of 20121969?
3, 7, 19, 29, 37, 47
What are the prime factors of 1000751?
673, 1487
List the prime factors of 656013.
3, 17, 19, 677
List the prime factors of 283027.
283027
What are the prime factors of 780237?
3, 86693
What are the prime factors of 454533?
3, 127, 1193
List the prime factors of 13973967.
3, 7, 31687
What are the prime factors of 32077?
32077
List the prime factors of 2699086.
2, 13, 103811
List the prime factors of 438812.
2, 11, 9973
List the prime factors of 1345241.
1345241
What are the prime factors of 100887?
3, 33629
What are the prime factors of 1129243?
193, 5851
List the prime factors of 7094229.
3, 2364743
List the prime factors of 697871.
487, 1433
What are the prime factors of 7144965?
3, 5, 158777
What are the prime factors of 30371909?
31, 971, 1009
What are the prime factors of 10398?
2, 3, 1733
List the prime factors of 4746.
2, 3, 7, 113
List the prime factors of 3127727.
89, 113, 311
List the prime factors of 24139.
101, 239
List the prime factors of 507935.
5, 29, 31, 113
List the prime factors of 5774700.
2, 3, 5, 19249
What are the prime factors of 4222202?
2, 23, 263, 349
What are the prime factors of 787482?
2, 3, 4861
List the prime factors of 110230.
2, 5, 73, 151
List the prime factors of 2887928.
2, 467, 773
List the prime factors of 4219558.
2, 7, 19, 29, 547
What are the prime factors of 262057?
271, 967
List the prime factors of 2115942.
2, 3, 71, 4967
List the prime factors of 6062920.
2, 5, 151573
What are the prime factors of 15731?
15731
What are the prime factors of 476341?
503, 947
What are the prime factors of 28785459?
3, 71, 149, 907
List the prime factors of 208307.
11, 29, 653
What are the prime factors of 11465105?
5, 383, 5987
What are the prime factors of 4732292?
2, 19, 71, 877
What are the prime factors of 363072?
2, 3, 31, 61
What are the prime factors of 182755?
5, 36551
What are the prime factors of 73812?
2, 3, 6151
What are the prime factors of 151717?
151717
List the prime factors of 2424765.
3, 5, 7, 3299
What are the prime factors of 3629478?
2, 3, 37, 16349
What are the prime factors of 7290012?
2, 3, 163, 3727
List the prime factors of 2922345.
3, 5, 21647
What are the prime factors of 4651768?
2, 11, 52861
What are the prime factors of 206145?
3, 5, 509
List the prime factors of 421486.
2, 13, 29, 43
What are the prime factors of 108897?
3, 36299
List the prime factors of 89428.
2, 79, 283
What are the prime factors of 40029?
3, 11, 1213
List the prime factors of 7957853.
17, 468109
List the prime factors of 728447.
41, 109, 163
List the prime factors of 1060562.
2, 17, 31193
What are the prime factors of 464626?
2, 19, 12227
What are the prime factors of 267973?
23, 61, 191
List the prime factors of 579182.
2, 73, 3967
What are the prime factors of 277687?
277687
What are the prime factors of 5389786?
2, 2694893
What are the prime factors of 12556603?
233, 53891
List the prime factors of 1755139.
73, 24043
What are the prime factors of 535959?
3, 17, 31, 113
What are the prime factors of 6234514?
2, 11, 13, 21799
What are the prime factors of 835517?
61, 13697
What are the prime factors of 33340898?
2, 179, 93131
What are the prime factors of 321102?
2, 3, 17839
What are the prime factors of 1073604?
2, 3, 7, 12781
What are the prime factors of 11558639?
67, 172517
List the prime factors of 20390507.
1307, 15601
List the prime factors of 26907654.
2, 3, 23, 73, 2671
What are the prime factors of 12916097?
103, 125399
What are the prime factors of 166148?
2, 73, 569
What are the prime factors of 3178694?
2, 17, 93491
List the prime factors of 5453269.
47, 116027
What are the prime factors of 795567?
3, 509, 521
What are the prime factors of 49051?
181, 271
List the prime factors of 553468.
2, 179, 773
What are the prime factors of 2645105?
5, 71, 7451
What are the prime factors of 49131?
3, 53, 103
What are the prime factors of 212495?
5, 42499
List the prime factors of 1127250.
2, 3, 5, 167
List the prime factors of 18090059.
13, 653, 2131
List the prime factors of 577209.
3, 181, 1063
What are the prime factors of 286681?
43, 59, 113
What are the prime factors of 337183?
7, 11, 29, 151
What are the prime factors of 148266?
2, 3, 8237
List the prime factors of 921885.
3, 5, 41, 1499
List the prime factors of 2374091.
241, 9851
What are the prime factors of 531714?
2, 3, 23, 3853
What are the prime factors of 1187486?
2, 31, 107, 179
List the prime factors of 128516.
2, 19, 89
What are the prime factors of 13359357?
3, 11, 31, 1451
List the prime factors of 4677393.
3, 7, 47, 677
What are the prime factors of 580477?
580477
List the prime factors of 198916.
2, 223
What are the prime factors of 946537?
59, 61, 263
List the prime factors of 22658.
2, 11329
What are the prime factors of 257767?
41, 6287
List 